{"id":16,"date":"2025-07-10T19:32:14","date_gmt":"2025-07-10T19:32:14","guid":{"rendered":"https:\/\/pep.iwwwo.com.br\/?page_id=16"},"modified":"2025-07-23T18:36:55","modified_gmt":"2025-07-23T18:36:55","slug":"home","status":"publish","type":"page","link":"https:\/\/pep.iwwwo.com.br\/","title":{"rendered":"P &#038; P"},"content":{"rendered":"<div style=\"background-color:white;padding:5px;width:100%;display:flex;justify-content:space-around;\">\n<div style=\"background-color:#ffff33;padding:25px;width:40%;border-radius:15px;\"><strong>Mariana Peccicacco<\/strong><br \/><strong>Eliana Araujo Peccicacco<\/strong><\/div>\n<div style=\"background-color:#ffff33;padding:25px;width:40%;border-radius:15px;\"><strong>Advocacia consultiva e contenciosa<\/strong><br\/ ><em>Solu\u00e7\u00f5es jur\u00eddicas com clareza, estrat\u00e9gia e acolhimento!<\/em><\/div>\n<\/div>\n<div style=\"background-color:white;padding:5px;width:100%;display:flex;justify-content:space-around;\">\n<div style=\"background-color:#ffff33;padding:25px;width:90%;border-radius:15px;text-align:center;\">Atuamos com excel\u00eancia em Direito Civil, Direito de Fam\u00edlia e Sucess\u00f5es, Direito do Consumidor e Direito Imobili\u00e1rio.<\/div>\n<\/div>\n","protected":false},"excerpt":{"rendered":"<p>Mariana PeccicaccoEliana Araujo Peccicacco Advocacia consultiva e contenciosaSolu\u00e7\u00f5es jur\u00eddicas com clareza, estrat\u00e9gia e acolhimento! Atuamos com excel\u00eancia em Direito Civil, Direito de Fam\u00edlia e Sucess\u00f5es, Direito do Consumidor e Direito Imobili\u00e1rio.<\/p>\n","protected":false},"author":1,"featured_media":0,"parent":0,"menu_order":0,"comment_status":"closed","ping_status":"closed","template":"","meta":{"footnotes":""},"class_list":["post-16","page","type-page","status-publish"],"_links":{"self":[{"href":"https:\/\/pep.iwwwo.com.br\/index.php?rest_route=\/wp\/v2\/pages\/16","targetHints":{"allow":["GET"]}}],"collection":[{"href":"https:\/\/pep.iwwwo.com.br\/index.php?rest_route=\/wp\/v2\/pages"}],"about":[{"href":"https:\/\/pep.iwwwo.com.br\/index.php?rest_route=\/wp\/v2\/types\/page"}],"author":[{"embeddable":true,"href":"https:\/\/pep.iwwwo.com.br\/index.php?rest_route=\/wp\/v2\/users\/1"}],"replies":[{"embeddable":true,"href":"https:\/\/pep.iwwwo.com.br\/index.php?rest_route=%2Fwp%2Fv2%2Fcomments&post=16"}],"version-history":[{"count":55,"href":"https:\/\/pep.iwwwo.com.br\/index.php?rest_route=\/wp\/v2\/pages\/16\/revisions"}],"predecessor-version":[{"id":114,"href":"https:\/\/pep.iwwwo.com.br\/index.php?rest_route=\/wp\/v2\/pages\/16\/revisions\/114"}],"wp:attachment":[{"href":"https:\/\/pep.iwwwo.com.br\/index.php?rest_route=%2Fwp%2Fv2%2Fmedia&parent=16"}],"curies":[{"name":"wp","href":"https:\/\/api.w.org\/{rel}","templated":true}]}}