{"id":42,"date":"2025-07-21T18:03:58","date_gmt":"2025-07-21T18:03:58","guid":{"rendered":"https:\/\/pep.iwwwo.com.br\/?page_id=42"},"modified":"2025-07-25T14:13:39","modified_gmt":"2025-07-25T14:13:39","slug":"quem-somos","status":"publish","type":"page","link":"https:\/\/pep.iwwwo.com.br\/?page_id=42","title":{"rendered":"Quem somos"},"content":{"rendered":"<p>Fundado por Eliana Peccicacco e Mariana Peccicacco, m\u00e3e e filha advogadas, o escrit\u00f3rio une tradi\u00e7\u00e3o e inova\u00e7\u00e3o para oferecer um atendimento jur\u00eddico estrat\u00e9gico e personalizado.<\/p>\n<p>Nosso escrit\u00f3rio nasceu do prop\u00f3sito de oferecer <strong>atendimento jur\u00eddico personalizado<\/strong>, com <strong>postura \u00e9tica<\/strong>, <strong>clareza na comunica\u00e7\u00e3o<\/strong> e <strong>solu\u00e7\u00f5es estrat\u00e9gicas<\/strong>, tanto na esfera consultiva quanto contenciosa.<\/p>\n<p><strong>Eliana Peccicacco<\/strong> possui vasta experi\u00eancia no Direito Civil, dedicando sua carreira \u00e0 defesa dos direitos de fam\u00edlias, imobili\u00e1rios e consumidores.<\/p>\n<p><strong>Mariana Peccicacco<\/strong> \u00e9 tamb\u00e9m especialista em prote\u00e7\u00e3o de dados e direito digital e traz uma vis\u00e3o moderna e integrada ao escrit\u00f3rio, aliando conhecimento jur\u00eddico s\u00f3lido \u00e0 tecnologia e inova\u00e7\u00e3o.<\/p>\n<p>Nosso compromisso \u00e9 oferecer solu\u00e7\u00f5es jur\u00eddicas eficientes, sempre com \u00e9tica, transpar\u00eancia e dedica\u00e7\u00e3o aos nossos clientes. Trabalhamos de forma 100% remota para atender da melhor forma, em qualquer lugar do pa\u00eds.<\/p>\n<p>Mais do que advogadas, nos posicionamos como <strong>parceiras jur\u00eddicas de confian\u00e7a<\/strong> de nossos clientes \u2014 com escuta ativa, t\u00e9cnica e responsabilidade.<\/p>\n","protected":false},"excerpt":{"rendered":"<p>Fundado por Eliana Peccicacco e Mariana Peccicacco, m\u00e3e e filha advogadas, o escrit\u00f3rio une tradi\u00e7\u00e3o e inova\u00e7\u00e3o para oferecer um atendimento jur\u00eddico estrat\u00e9gico e personalizado. Nosso escrit\u00f3rio nasceu do prop\u00f3sito de oferecer atendimento jur\u00eddico personalizado, com postura \u00e9tica, clareza na comunica\u00e7\u00e3o e solu\u00e7\u00f5es estrat\u00e9gicas, tanto na esfera consultiva quanto contenciosa. Eliana Peccicacco possui vasta experi\u00eancia no Direito Civil, dedicando sua carreira \u00e0 defesa dos direitos de fam\u00edlias, imobili\u00e1rios e consumidores. Mariana Peccicacco \u00e9 tamb\u00e9m especialista em prote\u00e7\u00e3o de dados e direito digital e traz uma vis\u00e3o moderna e integrada ao escrit\u00f3rio, aliando conhecimento jur\u00eddico s\u00f3lido \u00e0 tecnologia e inova\u00e7\u00e3o. Nosso compromisso \u00e9 oferecer solu\u00e7\u00f5es jur\u00eddicas eficientes, sempre com \u00e9tica, transpar\u00eancia e dedica\u00e7\u00e3o aos nossos clientes. Trabalhamos de forma 100% remota para atender da melhor forma, em qualquer lugar do pa\u00eds. Mais do que advogadas, nos posicionamos como parceiras jur\u00eddicas de confian\u00e7a de nossos clientes \u2014 com escuta ativa, t\u00e9cnica e&hellip;<\/p>\n<p> <a class=\"more-link\" href=\"https:\/\/pep.iwwwo.com.br\/?page_id=42\">Leia mais<\/a><\/p>\n","protected":false},"author":1,"featured_media":0,"parent":0,"menu_order":0,"comment_status":"closed","ping_status":"closed","template":"","meta":{"footnotes":""},"class_list":["post-42","page","type-page","status-publish"],"_links":{"self":[{"href":"https:\/\/pep.iwwwo.com.br\/index.php?rest_route=\/wp\/v2\/pages\/42","targetHints":{"allow":["GET"]}}],"collection":[{"href":"https:\/\/pep.iwwwo.com.br\/index.php?rest_route=\/wp\/v2\/pages"}],"about":[{"href":"https:\/\/pep.iwwwo.com.br\/index.php?rest_route=\/wp\/v2\/types\/page"}],"author":[{"embeddable":true,"href":"https:\/\/pep.iwwwo.com.br\/index.php?rest_route=\/wp\/v2\/users\/1"}],"replies":[{"embeddable":true,"href":"https:\/\/pep.iwwwo.com.br\/index.php?rest_route=%2Fwp%2Fv2%2Fcomments&post=42"}],"version-history":[{"count":10,"href":"https:\/\/pep.iwwwo.com.br\/index.php?rest_route=\/wp\/v2\/pages\/42\/revisions"}],"predecessor-version":[{"id":165,"href":"https:\/\/pep.iwwwo.com.br\/index.php?rest_route=\/wp\/v2\/pages\/42\/revisions\/165"}],"wp:attachment":[{"href":"https:\/\/pep.iwwwo.com.br\/index.php?rest_route=%2Fwp%2Fv2%2Fmedia&parent=42"}],"curies":[{"name":"wp","href":"https:\/\/api.w.org\/{rel}","templated":true}]}}